culate the remainder when 13 is divided by i.
6
Let r(v) = v**2 - v - 1. Let k(o) = 10*o**2 + 3*o + 7. Let b(l) = -k(l) - 6*r(l). Let w be b(1). Let h = w + 26. What is the remainder when 21 is divided by h?
9
Let v = -96 + 91. What is the remainder when (-246)/(-15) + 0 + (-3)/v is divided by 4?
1
Suppose 4*q - 2*n = 10, 5*q - 50 = -4*n - n. Suppose -4*y + 3*v = -133, v = q*y - 32 - 148. Calculate the remainder when 183 is divided by y.
35
Let r be 2240/26 - (-28)/(-182). Let q = 90 - r. Calculate the remainder when q is divided by 2.
0
Let j = 27 + -17. Let q = j + 24. Suppose -n - 6 = -q. What is the remainder when 53 is divided by n?
25
Let x(f) = -f**3 - 6*f**2 - 8*f + 5. Let a be x(-4). What is the remainder when (172/12)/(a/60) is divided by 35?
32
Let l(h) = -h**2 - 13*h - 9. Let q be l(-12). Let g = q + -2. Calculate the remainder when 15/6*(-12)/(-15) is divided by g.
0
Let u = 28 + -7. Suppose 0 = -3*h - 4*f + 64, 2*h - 3*f + 4*f = 46. Suppose 7*d - 5*d = h. What is the remainder when u is divided by d?
9
Let z = -151 - -154. Let k be ((-3)/(-2))/(9/(-48)). Let l = z - k. Calculate the remainder when 20 is divided by l.
9
Let i(r) be the third derivative of -r**5/60 - 5*r**4/6 + 2*r**3 + 7*r**2. Suppose 0 = -2*x - 3*x + 235. What is the remainder when x is divided by i(-20)?
11
Let u(i) = 55*i + 3 + 0 - 58*i + 2. What is the remainder when 87 is divided by u(-6)?
18
Let n(x) = 8*x. Let q(p) = -2*p. Suppose 10 = 4*z - 26. Let i(m) = z*q(m) + 2*n(m). Calculate the remainder when 38 is divided by i(-10).
18
Suppose c - 1 = -q - 0, -5*c - q = -17. Suppose 0 = -5*b - c*s + 30 + 71, 4*s = 4*b - 52. Calculate the remainder when 48 is divided by b.
14
Suppose 0 = 5*h - m - 2504, -h - m = -653 + 157. Calculate the remainder when h is divided by 101.
96
Let r = 22 + -3. Let i = r - 15. Calculate the remainder when 475/15 - i/6 is divided by 11.
9
Let w = 87 + -48. What is the remainder when w is divided by 6?
3
Let i be (2 + 19 + 1)/(-1). Let d be -3*((-1463)/(-105) + 3/(-5)). Let j = i - d. What is the remainder when j is divided by 5?
3
Suppose 0 = 30*w - 35*w + 25. Suppose t - 4 = 2*t + 4*n, w*n = -25. Calculate the remainder when 94 is divided by t.
14
Let q(u) = -2*u**2 - 138*u + 204. What is the remainder when q(-70) is divided by 134/6 - (-2)/(-6)?
20
Let m be 5456/12 + (-2)/3. Suppose 0 = 4*l + 2*t - m, 2*t = -2*l + 251 - 21. What is the remainder when l is divided by 29?
25
Suppose -4*f - 60 = 120. Let o be (-50)/(-3)*f/(-30). Let q = o + -3. What is the remainder when q is divided by 8?
6
Suppose -5*l = -3*o - 32, 3*l - 3*o = o + 28. Let r(u) = -3*u**2 + 5*u**2 - 6*u + 1 + 3. What is the remainder when 47 is divided by r(l)?
11
Let v = 27 - -138. Suppose 4*t + v = -3*s, -4 = -3*s - s. Calculate the remainder when (1 - 2)*(-7 + t) is divided by 26.
23
Suppose 10*k + 4*k - 560 = 0. What is the remainder when k is divided by 20/(-70) - 79/(-7)?
7
Calculate the remainder when 74 is divided by 26448/1026 - 2/(-9).
22
Suppose -5*w - 190 = -5*t, -t + 3*t - 88 = 5*w. Let j(c) = 119*c - 4. Let p be j(-1). Let h = p + 190. Calculate the remainder when h is divided by t.
33
Let q = -29 + 42. Let b be (q + 2)*(3 + -2). Suppose -17 - b = -4*n. Calculate the remainder when n is divided by 2.
0
Suppose -5*g + 4*s + 384 + 649 = 0, -4*s = 8. What is the remainder when g is divided by 13?
10
Suppose 5*u - 188 = -4*v + 42, 0 = 5*v - 25. Calculate the remainder when 124 is divided by u.
40
Suppose 8*d = 18*d - 340. What is the remainder when 236 is divided by d?
32
Let a be (1/3)/((-2)/(-42)). Suppose -a*w + 170 = -2*w. Suppose -12*n = -16*n + 24. Calculate the remainder when w is divided by n.
4
Suppose 2*h + 20 = -3*k - 5, -k = -2*h + 3. Calculate the remainder when 68*k/(-12) + (-2)/(-6) is divided by 22.
18
Let m(h) = -h**2 - 27*h + 1. What is the remainder when 291 is divided by m(-26)?
21
Let w(o) = -o + 8. Let c be w(10). Let m = c - -11. Let p = -7 + m. Calculate the remainder when p is divided by 1.
0
Suppose 67*n = 68*n - 3*g - 79, 3*g = -5*n + 323. Let i(b) = b**3 - 2*b**2 + 3*b - 4. Calculate the remainder when n is divided by i(3).
11
Suppose m + 4*p + 3 = 0, 2*p - 1 = -3*m + 10. Calculate the remainder when 136 is divided by m.
1
Suppose 33*u - 19*u = 308. Calculate the remainder when 115 is divided by u.
5
Let x(r) = -r**3 + 7*r**2 - 4*r - 9. Suppose -14*q + 57 = -111. Calculate the remainder when x(5) is divided by q.
9
Suppose 10*l - 11*l + 2 = 0, 0 = 3*h + 2*l - 196. What is the remainder when 511 is divided by h?
63
Suppose -91 - 17 = -6*l. Suppose -3*m + l*m = 1170. Calculate the remainder when m is divided by 20.
18
Let f = -110 + 116. What is the remainder when 10 is divided by f?
4
Let a(q) = -q**3 - 18*q**2 + 44*q + 183. Calculate the remainder when 173 is divided by a(-20).
70
Suppose 4*q - 140 = -4*j, 2*j + 5*q - 7 - 51 = 0. Calculate the remainder when 90 is divided by j.
12
Suppose 2*l = -3*s - 90 + 153, 0 = -4*l + 4*s + 156. Calculate the remainder when l is divided by 11.
3
Let g = 631 - 604. Calculate the remainder when 241 is divided by g.
25
Let r = -148 + 328. What is the remainder when r is divided by 23?
19
Calculate the remainder when 106 is divided by (-1)/(-1 + 136/144).
16
Suppose -2*c + 48 = 2*y, 2*c - 2*y - 48 = 2*y. Let a = 0 + c. Calculate the remainder when 56 is divided by 3/1 + 2 + a.
27
Suppose -118 = -81*z + 76*z - 2*a, -4*a = -3*z + 76. Calculate the remainder when ((-10)/3)/((-6)/171) is divided by z.
23
Let g(y) = 5*y**2 + y - 3. Suppose 0 = v - 5*x + 1 - 0, 3*x = v - 1. Calculate the remainder when g(-2) is divided by v.
3
Suppose -3*f + 39 = -2*f. What is the remainder when ((-96)/(-480))/(4/3080) is divided by f?
37
Suppose -n - 86 + 140 = 0. What is the remainder when 118 is divided by n?
10
Suppose -3*v + 25 = 2*v - 5*r, 2*r = -v + 5. Suppose 13 = v*i - 32. Calculate the remainder when 35 is divided by i.
8
Suppose -288 = 64*q - 73*q. What is the remainder when 46 is divided by q?
14
Let t(y) = -60*y + 78. Let f = -1 - -11. Calculate the remainder when t(0) is divided by f.
8
Suppose -37 = -4*g + 19. Let r(l) = -4*l**3 - 62*l**2 - 32*l + 23. Calculate the remainder when r(-15) is divided by g.
11
Suppose 22 = 12*w - 86. Calculate the remainder when (1/(-2))/(5/(-610)) is divided by w.
7
Let d(h) = -h**3 + 16*h**2 + 12*h + 29. Let y be d(17). Calculate the remainder when (-2 - 128/y) + 208/7 is divided by 17.
13
Let o(y) = y**3 - 4*y**2 + 2. Suppose -j + 2 = -3. What is the remainder when (-1286)/(-12) + 8/(-48) is divided by o(j)?
26
Suppose 156 = 19*f - 13*f. What is the remainder when 51 is divided by f?
25
Let t(k) = -7*k + 59. What is the remainder when t(-5) is divided by 14?
10
Suppose 1183 = -3*b + 10*b. Calculate the remainder when b is divided by 52.
13
Let g be 39/13 + (1 - 4). Suppose g = -o - 3*o. Suppose -3*d = -4*l + 83 - o, -l + 29 = 2*d. What is the remainder when 89 is divided by l?
20
Let q(d) = d**3 - 6*d**2 - 9*d - 3. Let s be q(5). Let c = -52 - s. Calculate the remainder when c is divided by 6.
3
Let o(r) = 3 - 9 + 102*r + r**2 - 98*r. Calculate the remainder when 101 is divided by o(-8).
23
Suppose -248*m = -254*m + 72. Calculate the remainder when (-68)/(-2) - (-1 - -3) is divided by m.
8
Let a(r) = r - 10. Let t be a(0). Let j = -23 + 45. What is the remainder when 43 - (t - -5 - -7) is divided by j?
19
Let k(h) = -3*h**2 + 70*h + 524. Suppose 2*j - 2*s - 62 = -j, 0 = -j + s + 22. Calculate the remainder when k(29) is divided by j.
13
Let u(m) = 3*m - 3*m + 7*m - 10*m**2 - 19 + 11*m**2. Let z be u(-10). Suppose 10*s - z*s = -6. What is the remainder when 27 is divided by s?
3
Suppose 3*p = 6 + 3. What is the remainder when (-6)/39 + 164/52 is divided by p?
0
Suppose 2*j - 3 = -15. Let x = j + 4. Let f = 57 - x. What is the remainder when f is divided by 21?
17
Let z be 1/4 + (-172)/(-16). Calculate the remainder when 367/5 + z/(55/(-2)) is divided by 19.
16
Let z(f) be the third derivative of 23*f**4/8 - f**3/3 - 8*f**2. Let l be z(2). Calculate the remainder when (-5)/15 - l/(-3) is divided by 12.
9
Let r(f) = f**3 + 13*f**2 - 15*f + 21. What is the remainder when r(-12) is divided by 12?
9
Let x be (-78)/(-8) - 15/(-60). Suppose 3*m - 16 - 17 = 0. Let h = m + x. Ca